9
What are the prime factors of 1023?
3, 11, 31
What are the prime factors of 29849?
19, 1571
List the prime factors of 3705.
3, 5, 13, 19
List the prime factors of 7542.
2, 3, 419
What are the prime factors of 14868?
2, 3, 7, 59
List the prime factors of 3334.
2, 1667
List the prime factors of 4359.
3, 1453
List the prime factors of 342.
2, 3, 19
What are the prime factors of 11874?
2, 3, 1979
List the prime factors of 16950.
2, 3, 5, 113
What are the prime factors of 1580?
2, 5, 79
List the prime factors of 7451.
7451
List the prime factors of 83463.
3, 43, 647
List the prime factors of 43779.
3, 14593
List the prime factors of 4950.
2, 3, 5, 11
What are the prime factors of 1006?
2, 503
What are the prime factors of 2077?
31, 67
What are the prime factors of 2057?
11, 17
List the prime factors of 11329.
11329
What are the prime factors of 1071?
3, 7, 17
What are the prime factors of 144126?
2, 3, 17, 157
What are the prime factors of 42204?
2, 3, 3517
What are the prime factors of 17747?
17747
List the prime factors of 23217.
3, 71, 109
What are the prime factors of 39012?
2, 3, 3251
List the prime factors of 13092.
2, 3, 1091
List the prime factors of 20743.
20743
What are the prime factors of 224?
2, 7
What are the prime factors of 52921?
11, 17, 283
What are the prime factors of 3670?
2, 5, 367
What are the prime factors of 17626?
2, 7, 1259
What are the prime factors of 289?
17
List the prime factors of 1319.
1319
List the prime factors of 46872.
2, 3, 7, 31
List the prime factors of 14963.
13, 1151
List the prime factors of 543.
3, 181
List the prime factors of 442.
2, 13, 17
What are the prime factors of 35481?
3, 11827
List the prime factors of 1392.
2, 3, 29
What are the prime factors of 11700?
2, 3, 5, 13
List the prime factors of 6246.
2, 3, 347
What are the prime factors of 34529?
11, 43, 73
List the prime factors of 3779.
3779
List the prime factors of 26177.
26177
What are the prime factors of 5302?
2, 11, 241
List the prime factors of 28799.
31, 929
What are the prime factors of 44180?
2, 5, 47
What are the prime factors of 1264?
2, 79
List the prime factors of 4994.
2, 11, 227
What are the prime factors of 12196?
2, 3049
What are the prime factors of 10652?
2, 2663
What are the prime factors of 9095?
5, 17, 107
What are the prime factors of 4070?
2, 5, 11, 37
List the prime factors of 43971.
3, 14657
List the prime factors of 727.
727
List the prime factors of 505.
5, 101
List the prime factors of 10490.
2, 5, 1049
What are the prime factors of 1635?
3, 5, 109
List the prime factors of 562.
2, 281
What are the prime factors of 1280?
2, 5
List the prime factors of 1388.
2, 347
What are the prime factors of 107549?
13, 8273
What are the prime factors of 26558?
2, 7, 271
What are the prime factors of 5088?
2, 3, 53
List the prime factors of 1747.
1747
List the prime factors of 664.
2, 83
What are the prime factors of 35310?
2, 3, 5, 11, 107
What are the prime factors of 5948?
2, 1487
What are the prime factors of 2239?
2239
What are the prime factors of 123553?
123553
What are the prime factors of 93253?
93253
List the prime factors of 7076.
2, 29, 61
List the prime factors of 7721.
7, 1103
List the prime factors of 19176.
2, 3, 17, 47
List the prime factors of 1735.
5, 347
What are the prime factors of 48?
2, 3
What are the prime factors of 25558?
2, 13, 983
What are the prime factors of 18379?
18379
List the prime factors of 1488.
2, 3, 31
What are the prime factors of 11576?
2, 1447
List the prime factors of 1537.
29, 53
What are the prime factors of 34492?
2, 8623
List the prime factors of 2820.
2, 3, 5, 47
What are the prime factors of 19165?
5, 3833
List the prime factors of 4543.
7, 11, 59
What are the prime factors of 29799?
3, 7, 11, 43
What are the prime factors of 13767?
3, 13, 353
List the prime factors of 17675.
5, 7, 101
List the prime factors of 1222.
2, 13, 47
List the prime factors of 1036.
2, 7, 37
What are the prime factors of 10279?
19, 541
What are the prime factors of 107123?
107123
What are the prime factors of 1292?
2, 17, 19
What are the prime factors of 1384?
2, 173
What are the prime factors of 121494?
2, 3, 20249
What are the prime factors of 5894?
2, 7, 421
What are the prime factors of 1981?
7, 283
List the prime factors of 2753.
2753
What are the prime factors of 4042?
2, 43, 47
List the prime factors of 61759.
151, 409
What are the prime factors of 36601?
17, 2153
What are the prime factors of 9280?
2, 5, 29
What are the prime factors of 7357?
7, 1051
List the prime factors of 2014.
2, 19, 53
List the prime factors of 1231.
1231
List the prime factors of 911.
911
What are the prime factors of 275?
5, 11
What are the prime factors of 120531?
3, 40177
List the prime factors of 18931.
11, 1721
What are the prime factors of 59578?
2, 29789
List the prime factors of 10526.
2, 19, 277
List the prime factors of 2169.
3, 241
What are the prime factors of 3741?
3, 29, 43
What are the prime factors of 18872?
2, 7, 337
What are the prime factors of 45826?
2, 11, 2083
What are the prime factors of 89?
89
What are the prime factors of 26628?
2, 3, 7, 317
List the prime factors of 841.
29
What are the prime factors of 4163?
23, 181
List the prime factors of 3008.
2, 47
List the prime factors of 2271.
3, 757
What are the prime factors of 4810?
2, 5, 13, 37
List the prime factors of 12937.
17, 761
What are the prime factors of 734?
2, 367
List the prime factors of 104.
2, 13
List the prime factors of 7495.
5, 1499
List the prime factors of 2191.
7, 313
List the prime factors of 32201.
13, 2477
List the prime factors of 18627.
3, 7, 887
List the prime factors of 33870.
2, 3, 5, 1129
What are the prime factors of 14115?
3, 5, 941
List the prime factors of 16608.
2, 3, 173
List the prime factors of 7437.
3, 37, 67
What are the prime factors of 6249?
3, 2083
List the prime factors of 20453.
113, 181
What are the prime factors of 324?
2, 3
What are the prime factors of 4340?
2, 5, 7, 31
List the prime factors of 90437.
90437
What are the prime factors of 7376?
2, 461
What are the prime factors of 2148?
2, 3, 179
What are the prime factors of 191?
191
What are the prime factors of 7238?
2, 7, 11, 47
What are the prime factors of 7417?
7417
List the prime factors of 9827.
31, 317
List the prime factors of 2486.
2, 11, 113
List the prime factors of 603.
3, 67
What are the prime factors of 21814?
2, 13, 839
List the prime factors of 78876.
2, 3, 7, 313
List the prime factors of 569.
569
What are the prime factors of 5714?
2, 2857
List the prime factors of 39388.
2, 43, 229
List the prime factors of 7235.
5, 1447
What are the prime factors of 1257?
3, 419
List the prime factors of 977.
977
List the prime factors of 5369.
7, 13, 59
What are the prime factors of 1608?
2, 3, 67
What are the prime factors of 7856?
2, 491
What are the prime factors of 170?
2, 5, 17
What are the prime factors of 211?
211
What are the prime factors of 926?
2, 463
What are the prime factors of 31389?
3, 10463
What are the prime factors of 52315?
5, 10463
List the prime factors of 3003.
3, 7, 11, 13
List the prime factors of 6705.
3, 5, 149
What are the prime factors of 1118?
2, 13, 43
List the prime factors of 3237.
3, 13, 83
List the prime factors of 44319.
3, 11, 17, 79
What are the prime factors of 1661?
11, 151
What are the prime factors of 4834?
2, 2417
List the prime factors of 1384.
2, 173
What are the prime factors of 12151?
29, 419
What are the prime factors of 117270?
2, 3, 5, 1303
What are the prime factors of 651?
3, 7, 31
What are the prime factors of 1966?
2, 983
List the prime factors of 591.
3, 197
List the prime factors of 361.
19
List the prime factors of 1187.
1187
What are the prime factors of 4907?
7, 701
What are the prime factors of 2614?
2, 1307
What are the prime factors of 15016?
2, 1877
List the prime factors of 16849.
7, 29, 83
List the prime factors of 202.
2, 101
What are the prime factors of 26783?
26783
List the prime factors of 17140.
2, 5, 857
List the prime factors of 5600.
2, 5, 7
What are the prime factors of 16383?
3, 43, 127
List the prime factors of 48629.
7, 6947
What are the prime factors of 43115?
5, 8623
What are the prime factors of 39772?
2, 61, 163
List the prime factors of 906.
2, 3, 151
What ar